{"id":171,"date":"2018-03-13T01:47:33","date_gmt":"2018-03-13T04:47:33","guid":{"rendered":"https:\/\/ortopediaortos.com.br\/?page_id=171"},"modified":"2018-03-13T02:02:55","modified_gmt":"2018-03-13T05:02:55","slug":"fasceite-plantar-causas-tratamento","status":"publish","type":"page","link":"https:\/\/ortopediaortos.com.br\/index.php\/artigos\/fasceite-plantar-causas-tratamento\/","title":{"rendered":"Fasce\u00edte plantar: causas e formas de tratamento"},"content":{"rendered":"<p>A f\u00e1scia plantar \u00e9 uma estrutura fibrosa que se origina no osso do calc\u00e2neo e se estende por toda planta dos p\u00e9s at\u00e9 as falanges proximais dos dedos. Uma de suas principais fun\u00e7\u00f5es \u00e9 manter o arco plantar do p\u00e9.<\/p>\n<p>As causas das dores na f\u00e1scia plantar motivam estudos h\u00e1 muito tempo. Nessa trajet\u00f3ria de pesquisas, muitas hip\u00f3teses j\u00e1 foram descartadas.<\/p>\n<p>Por algum tempo atribu\u00edram-se as dores ao achado radiol\u00f3gico conhecido como \u201cespor\u00e3o de calc\u00e2neo\u201d. Entretanto, pesquisas identificaram pacientes que apresentavam os sintomas e n\u00e3o possu\u00edam o espor\u00e3o ou nenhuma outra altera\u00e7\u00e3o radiol\u00f3gica. Al\u00e9m disso, diagnosticaram-se muitos portadores do espor\u00e3o que n\u00e3o sentiam dor. Dessa forma, a hip\u00f3tese do espor\u00e3o como causa da dor foi descartada.<\/p>\n<p><img loading=\"lazy\" decoding=\"async\" class=\" wp-image-168 alignleft\" src=\"https:\/\/ortopediaortos.com.br\/wp-content\/uploads\/2018\/03\/post_28_01.jpg\" alt=\"Fasce\u00edte plantar: causas e formas de tratamento\" width=\"401\" height=\"267\" srcset=\"https:\/\/ortopediaortos.com.br\/wp-content\/uploads\/2018\/03\/post_28_01.jpg 800w, https:\/\/ortopediaortos.com.br\/wp-content\/uploads\/2018\/03\/post_28_01-300x200.jpg 300w, https:\/\/ortopediaortos.com.br\/wp-content\/uploads\/2018\/03\/post_28_01-768x512.jpg 768w\" sizes=\"auto, (max-width: 401px) 100vw, 401px\" \/><\/p>\n<p>Ainda hoje muitas pessoas pensam que o que provoca dor \u00e9 uma altera\u00e7\u00e3o inflamat\u00f3ria da f\u00e1scia. Contudo, an\u00e1lises nos pacientes j\u00e1 identificaram que o processo inflamat\u00f3rio \u00e9 pouco presente.<\/p>\n<p>Os principais respons\u00e1veis por provocar dor na f\u00e1scia plantar s\u00e3o o encurtamento e as altera\u00e7\u00f5es degenerativas dessa estrutura. A dor geralmente \u00e9 pior pela manh\u00e3, nos primeiros passos. Pode aliviar alguns minutos depois mas tende a persistir ao longo do dia.<\/p>\n<p>Uma das principais causas da fasce\u00edte plantar s\u00e3o as les\u00f5es por esfor\u00e7o repetitivo da f\u00e1scia plantar. Elas geralmente s\u00e3o provocadas por um mau amortecimento de impacto, que costuma a acontecer devido a diversos fatores: realiza\u00e7\u00e3o de algumas atividades esportivas como corrida e futebol; excesso de peso; uso cal\u00e7ados inadequados. A combina\u00e7\u00e3o desses tr\u00eas fatores amplia drasticamente as chances do desenvolvimento da fasce\u00edte.<\/p>\n<h2>Tratamentos da fasce\u00edte plantar<\/h2>\n<p>Os sintomas podem ser aliviados por v\u00e1rios tratamentos que, em sua grande maioria, s\u00e3o n\u00e3o invasivos e de baixo custo. Os casos que exigem tratamento cir\u00fargicos s\u00e3o muito raros.<\/p>\n<p>Entre os tratamentos dispon\u00edveis podemos citar:<\/p>\n<ul>\n<li>Repousar e evitar atividades que geram a dor;<\/li>\n<li>Adequa\u00e7\u00e3o do tipo de cal\u00e7ado;<\/li>\n<li>Palmilhas;<\/li>\n<li>Fisioterapia;<\/li>\n<li>\u00d3rteses de uso noturno;<\/li>\n<li>Tratamento farmacol\u00f3gico com uso de analg\u00e9sicos;<\/li>\n<li>Acupuntura;<\/li>\n<li>Terapia por ondas de choque;<\/li>\n<li>Aplica\u00e7\u00e3o de toxina botul\u00ednica tipo A (Botox e outras);<\/li>\n<li>Infiltra\u00e7\u00e3o a seco ou com anest\u00e9sicos (lidoca\u00edna e outros);<\/li>\n<li>Infiltra\u00e7\u00e3o com corticoester\u00f3ides<\/li>\n<\/ul>\n<p>Em \u00faltimo caso apela-se para o tratamento cir\u00fargico, que nem sempre tem bons resultados (fasciotomia plantar).<\/p>\n<p><a href=\"https:\/\/ortopediaortos.com.br\/index.php\/nossos-especialistas\/dr-lucas-f-cruz-e-silva\/\" class=\"broken_link\"><em>Por Dr. Lucas F. Cruz<\/em><\/a><\/p>\n<p><a href=\"https:\/\/ortopediaortos.com.br\/index.php\/ortos-especialidades-ortopedicas\/sindrome-do-tunel-do-carpo\/\"><strong>&lt;\u00a0 S\u00edndrome do t\u00fanel do carpo: saiba quais s\u00e3o os sintomas e como diagnostic\u00e1-la<\/strong><\/a><\/p>\n","protected":false},"excerpt":{"rendered":"<p>A f\u00e1scia plantar \u00e9 uma estrutura fibrosa que se origina no osso do calc\u00e2neo e se estende por toda planta [&hellip;]<\/p>\n","protected":false},"author":1,"featured_media":0,"parent":182,"menu_order":0,"comment_status":"closed","ping_status":"closed","template":"","meta":{"footnotes":""},"class_list":["post-171","page","type-page","status-publish","hentry"],"_links":{"self":[{"href":"https:\/\/ortopediaortos.com.br\/index.php\/wp-json\/wp\/v2\/pages\/171","targetHints":{"allow":["GET"]}}],"collection":[{"href":"https:\/\/ortopediaortos.com.br\/index.php\/wp-json\/wp\/v2\/pages"}],"about":[{"href":"https:\/\/ortopediaortos.com.br\/index.php\/wp-json\/wp\/v2\/types\/page"}],"author":[{"embeddable":true,"href":"https:\/\/ortopediaortos.com.br\/index.php\/wp-json\/wp\/v2\/users\/1"}],"replies":[{"embeddable":true,"href":"https:\/\/ortopediaortos.com.br\/index.php\/wp-json\/wp\/v2\/comments?post=171"}],"version-history":[{"count":5,"href":"https:\/\/ortopediaortos.com.br\/index.php\/wp-json\/wp\/v2\/pages\/171\/revisions"}],"predecessor-version":[{"id":181,"href":"https:\/\/ortopediaortos.com.br\/index.php\/wp-json\/wp\/v2\/pages\/171\/revisions\/181"}],"up":[{"embeddable":true,"href":"https:\/\/ortopediaortos.com.br\/index.php\/wp-json\/wp\/v2\/pages\/182"}],"wp:attachment":[{"href":"https:\/\/ortopediaortos.com.br\/index.php\/wp-json\/wp\/v2\/media?parent=171"}],"curies":[{"name":"wp","href":"https:\/\/api.w.org\/{rel}","templated":true}]}}