{"id":178,"date":"2018-03-13T01:53:37","date_gmt":"2018-03-13T04:53:37","guid":{"rendered":"https:\/\/ortopediaortos.com.br\/?page_id=178"},"modified":"2018-03-13T02:03:11","modified_gmt":"2018-03-13T05:03:11","slug":"sindrome-do-tunel-do-carpo","status":"publish","type":"page","link":"https:\/\/ortopediaortos.com.br\/index.php\/artigos\/sindrome-do-tunel-do-carpo\/","title":{"rendered":"S\u00edndrome do t\u00fanel do carpo: saiba quais s\u00e3o os sintomas e como diagnostic\u00e1-la"},"content":{"rendered":"<p style=\"text-align: left;\">A s\u00edndrome do t\u00fanel do carpo \u00e9 uma doen\u00e7a causada pela compress\u00e3o do nervo mediano. Ela \u00e9 extremamente comum, especialmente em mulheres acima de 50 anos.<\/p>\n<p>O nervo mediano \u00e9 respons\u00e1vel pela sensibilidade nos dedos polegar, indicador, m\u00e9dio e parte do anular. A compress\u00e3o, fruto da s\u00edndrome, ocorre no punho e provoca dor, dorm\u00eancia e queima\u00e7\u00e3o. Esses sintomas alteram a sensibilidade dos dedos, podendo dificultar o ato de segurar os objetos.<\/p>\n<p>A compress\u00e3o do nervo mediano est\u00e1 relacionada a algumas condi\u00e7\u00f5es como:<\/p>\n<ul>\n<li>Altera\u00e7\u00f5es hormonais \u2013 que podem ser provocadas por gravidez ou menopausa;<\/li>\n<li>Obesidade;<\/li>\n<li>Artrite reumatoide;<\/li>\n<li>Hipotireoidismo;<\/li>\n<li>Uso repetitivo da m\u00e3o com o punho parado.<\/li>\n<\/ul>\n<p>\u00c9 importante deixar claro que altera\u00e7\u00f5es da coluna cervical, compress\u00e3o do nervo mediano em outros locais, doen\u00e7as neurol\u00f3gicas degenerativas e outros males tamb\u00e9m podem causar sintomas semelhantes. Eles devem ser diferenciados da s\u00edndrome do t\u00fanel do carpo.<\/p>\n<p>Geralmente o diagn\u00f3stico da s\u00edndrome pode ser realizado por um exame chamado eletroneuromiografia, por meio do qual comprova-se a compress\u00e3o do nervo. Por\u00e9m, na maioria das vezes, somente o exame das m\u00e3os numa consulta com um especialista \u00e9 suficiente para o diagn\u00f3stico.<\/p>\n<p>O tratamento para a s\u00edndrome do t\u00fanel do carpo varia de medidas conservadoras \u2013 como o uso de imobiliza\u00e7\u00e3o e medica\u00e7\u00f5es \u2013 at\u00e9 o tratamento cir\u00fargico. Este normalmente \u00e9 bastante resolutivo.<\/p>\n<p>A falta de tratamento adequado pode levar a altera\u00e7\u00f5es da sensibilidade definitivas com perda importante da fun\u00e7\u00e3o da m\u00e3o.<\/p>\n<p><a href=\"https:\/\/ortopediaortos.com.br\/index.php\/nossos-especialistas\/dr-bruno-paio-barreiros\/\"><em>Por Dr. Bruno Paio Barreiros<\/em><\/a><\/p>\n<p style=\"text-align: right;\"><a href=\"https:\/\/ortopediaortos.com.br\/index.php\/fasceite-plantar-causas-tratamento\/\"><strong>Fasce\u00edte plantar: causas e formas de tratamento &gt;<\/strong><\/a><\/p>\n","protected":false},"excerpt":{"rendered":"<p>A s\u00edndrome do t\u00fanel do carpo \u00e9 uma doen\u00e7a causada pela compress\u00e3o do nervo mediano. Ela \u00e9 extremamente comum, especialmente [&hellip;]<\/p>\n","protected":false},"author":1,"featured_media":0,"parent":182,"menu_order":0,"comment_status":"closed","ping_status":"closed","template":"","meta":{"footnotes":""},"class_list":["post-178","page","type-page","status-publish","hentry"],"_links":{"self":[{"href":"https:\/\/ortopediaortos.com.br\/index.php\/wp-json\/wp\/v2\/pages\/178","targetHints":{"allow":["GET"]}}],"collection":[{"href":"https:\/\/ortopediaortos.com.br\/index.php\/wp-json\/wp\/v2\/pages"}],"about":[{"href":"https:\/\/ortopediaortos.com.br\/index.php\/wp-json\/wp\/v2\/types\/page"}],"author":[{"embeddable":true,"href":"https:\/\/ortopediaortos.com.br\/index.php\/wp-json\/wp\/v2\/users\/1"}],"replies":[{"embeddable":true,"href":"https:\/\/ortopediaortos.com.br\/index.php\/wp-json\/wp\/v2\/comments?post=178"}],"version-history":[{"count":1,"href":"https:\/\/ortopediaortos.com.br\/index.php\/wp-json\/wp\/v2\/pages\/178\/revisions"}],"predecessor-version":[{"id":179,"href":"https:\/\/ortopediaortos.com.br\/index.php\/wp-json\/wp\/v2\/pages\/178\/revisions\/179"}],"up":[{"embeddable":true,"href":"https:\/\/ortopediaortos.com.br\/index.php\/wp-json\/wp\/v2\/pages\/182"}],"wp:attachment":[{"href":"https:\/\/ortopediaortos.com.br\/index.php\/wp-json\/wp\/v2\/media?parent=178"}],"curies":[{"name":"wp","href":"https:\/\/api.w.org\/{rel}","templated":true}]}}