{"id":208,"date":"2018-05-02T11:13:33","date_gmt":"2018-05-02T14:13:33","guid":{"rendered":"https:\/\/ortopediaortos.com.br\/?page_id=208"},"modified":"2018-05-05T14:17:38","modified_gmt":"2018-05-05T17:17:38","slug":"voce-sabe-o-que-e-capsulite-adesiva","status":"publish","type":"page","link":"https:\/\/ortopediaortos.com.br\/index.php\/artigos\/voce-sabe-o-que-e-capsulite-adesiva\/","title":{"rendered":"Voc\u00ea sabe o que \u00e9 capsulite adesiva?"},"content":{"rendered":"<p>A capsulite adesiva, ou ombro congelado, \u00e9 uma inflama\u00e7\u00e3o da c\u00e1psula articular, que \u00e9 o tecido que reveste a articula\u00e7\u00e3o do ombro. A causa da doen\u00e7a \u00e9 incerta, mas sabe-se que ela est\u00e1 mais associada a pacientes com problemas da tireoide, diabetes, convuls\u00f5es, pessoas tiveram pequeno trauma no ombro e\/ou usaram imobiliza\u00e7\u00e3o por tempo prolongado.<\/p>\n<h3>\u00a0Sintomas e evolu\u00e7\u00e3o da doen\u00e7a<\/h3>\n<p>Esta doen\u00e7a na maioria das vezes apresenta um curso auto-limitado, ou seja, evolui para a cura ap\u00f3s um certo per\u00edodo. O tempo entre o surgimento dos primeiros sintomas e a resolu\u00e7\u00e3o total do quadro pode durar at\u00e9 2 anos.<\/p>\n<p>Os sintomas variam de acordo com o est\u00e1gio da doen\u00e7a. Na fase inicial, a dor costuma ser o \u00fanico sintoma. Ao longo do tempo, a dor diminui e surge a limita\u00e7\u00e3o dos movimentos, como alcan\u00e7ar as costas ou levar a m\u00e3o \u00e0 cabe\u00e7a. Na terceira fase, os movimentos voltam progressivamente ao normal.<\/p>\n<p><img loading=\"lazy\" decoding=\"async\" class=\"alignleft size-full wp-image-215\" src=\"https:\/\/ortopediaortos.com.br\/wp-content\/uploads\/2018\/05\/grafico_capsulite_adesiva.png\" alt=\"Evolu\u00e7\u00e3o dos sintomas da capsulite adesiva\" width=\"800\" height=\"600\" srcset=\"https:\/\/ortopediaortos.com.br\/wp-content\/uploads\/2018\/05\/grafico_capsulite_adesiva.png 800w, https:\/\/ortopediaortos.com.br\/wp-content\/uploads\/2018\/05\/grafico_capsulite_adesiva-300x225.png 300w, https:\/\/ortopediaortos.com.br\/wp-content\/uploads\/2018\/05\/grafico_capsulite_adesiva-768x576.png 768w\" sizes=\"auto, (max-width: 800px) 100vw, 800px\" \/><\/p>\n<h3>Diagn\u00f3stico<\/h3>\n<p>O diagn\u00f3stico \u00e9 basicamente feito por exame cl\u00ednico. A radiografia ajuda a afastar outras hip\u00f3teses diagn\u00f3sticas. Outros exames como ultrassom e resson\u00e2ncia magn\u00e9tica geralmente n\u00e3o s\u00e3o necess\u00e1rios.<\/p>\n<p>Nas fases iniciais da doen\u00e7a, quando s\u00f3 existe a dor e n\u00e3o ocorre a limita\u00e7\u00e3o dos movimentos, erros no diagn\u00f3stico s\u00e3o frequentes j\u00e1 que o quadro cl\u00ednico \u00e9 semelhante ao da bursite, da tendinite e da s\u00edndrome do impacto.<\/p>\n<h3>Qual o tratamento da capsulite adesiva?<\/h3>\n<p>O tratamento pode ser desafiador para alguns pacientes em virtude da longa dura\u00e7\u00e3o da doen\u00e7a e dos resultados serem de progress\u00e3o lenta, demorando bastante at\u00e9 a melhora completa. Na maioria dos casos o tratamento consiste em fisioterapia &#8211; para al\u00edvio da dor e ganho dos movimentos &#8211; e medicamentos orais ou injet\u00e1veis como infiltra\u00e7\u00f5es articulares ou bloqueio de nervos perif\u00e9ricos. S\u00e3o recomendadas sess\u00f5es fisioter\u00e1picas curtas, de 5 a 10 minutos, que devem ser repetidas v\u00e1rias vezes ao dia. Com as sess\u00f5es, busca-se ganhar um pouco de movimento a cada dia.<\/p>\n<p>Em alguns casos \u00e9 necess\u00e1rio fazer o tratamento cir\u00fargico, indicado apenas quando a fisioterapia n\u00e3o teve sucesso. Mesmo ap\u00f3s o procedimento cir\u00fargico ainda costuma ser necess\u00e1ria a reabilita\u00e7\u00e3o fisioter\u00e1pica para prevenir o retorno da rigidez do ombro.<\/p>\n<p><em>Por Dr. Andr\u00e9 Diniz Correa<\/em><\/p>\n","protected":false},"excerpt":{"rendered":"<p>A capsulite adesiva, ou ombro congelado, \u00e9 uma inflama\u00e7\u00e3o da c\u00e1psula articular, que \u00e9 o tecido que reveste a articula\u00e7\u00e3o [&hellip;]<\/p>\n","protected":false},"author":1,"featured_media":0,"parent":182,"menu_order":0,"comment_status":"closed","ping_status":"closed","template":"","meta":{"footnotes":""},"class_list":["post-208","page","type-page","status-publish","hentry"],"_links":{"self":[{"href":"https:\/\/ortopediaortos.com.br\/index.php\/wp-json\/wp\/v2\/pages\/208","targetHints":{"allow":["GET"]}}],"collection":[{"href":"https:\/\/ortopediaortos.com.br\/index.php\/wp-json\/wp\/v2\/pages"}],"about":[{"href":"https:\/\/ortopediaortos.com.br\/index.php\/wp-json\/wp\/v2\/types\/page"}],"author":[{"embeddable":true,"href":"https:\/\/ortopediaortos.com.br\/index.php\/wp-json\/wp\/v2\/users\/1"}],"replies":[{"embeddable":true,"href":"https:\/\/ortopediaortos.com.br\/index.php\/wp-json\/wp\/v2\/comments?post=208"}],"version-history":[{"count":12,"href":"https:\/\/ortopediaortos.com.br\/index.php\/wp-json\/wp\/v2\/pages\/208\/revisions"}],"predecessor-version":[{"id":224,"href":"https:\/\/ortopediaortos.com.br\/index.php\/wp-json\/wp\/v2\/pages\/208\/revisions\/224"}],"up":[{"embeddable":true,"href":"https:\/\/ortopediaortos.com.br\/index.php\/wp-json\/wp\/v2\/pages\/182"}],"wp:attachment":[{"href":"https:\/\/ortopediaortos.com.br\/index.php\/wp-json\/wp\/v2\/media?parent=208"}],"curies":[{"name":"wp","href":"https:\/\/api.w.org\/{rel}","templated":true}]}}